{"id":486,"date":"2022-08-14T07:18:46","date_gmt":"2022-08-14T05:18:46","guid":{"rendered":"https:\/\/heilpflanzengarten-mv.de\/?page_id=486"},"modified":"2026-02-22T12:29:24","modified_gmt":"2026-02-22T11:29:24","slug":"aktuelles-2","status":"publish","type":"page","link":"https:\/\/heilpflanzengarten-mv.de\/?page_id=486","title":{"rendered":"Aktuelles"},"content":{"rendered":"\n<h3 class=\"wp-block-heading\">Offene G\u00e4rten am 13. und 14. Juni 2026 von 10 bis 18 Uhr<\/h3>\n\n\n\n<p><strong>Wir nehmen an der Aktion <em>Offene G\u00e4rten in Mecklenburg &#8211; Vorpommern<\/em> teil. <\/strong><\/p>\n\n\n\n<p>Nutzen Sie doch diese Gelegenheit unseren Heilpflanzengarten kennenzulernen. Wir bieten an diesem Wochenende kostenlose F\u00fchrungen an &#8211; bei Interesse auch zu unseren wesensgem\u00e4\u00df gehaltenen Bienen.<\/p>\n\n\n\n<p>An Pflanzen bieten wir Heilpflanzen und verschiedene Braunf\u00e4ule resistente Tomaten an. Weiterhin gibt es  Salben und Tinkturen.<\/p>\n\n\n\n<p>Genie\u00dfen Sie Kaffee und selbstgebackenen Kuchen unter Obstb\u00e4umen.<\/p>\n\n\n\n<p><\/p>\n\n\n\n<figure class=\"wp-block-gallery has-nested-images columns-default is-cropped wp-block-gallery-1 is-layout-flex wp-block-gallery-is-layout-flex\">\n<figure class=\"wp-block-image size-large\"><img loading=\"lazy\" decoding=\"async\" width=\"684\" height=\"1024\" data-id=\"179\" src=\"https:\/\/heilpflanzengarten-mv.de\/wp-content\/uploads\/2017\/06\/G2017-Eingang-684x1024.jpg\" alt=\"\" class=\"wp-image-179\" srcset=\"https:\/\/heilpflanzengarten-mv.de\/wp-content\/uploads\/2017\/06\/G2017-Eingang-684x1024.jpg 684w, https:\/\/heilpflanzengarten-mv.de\/wp-content\/uploads\/2017\/06\/G2017-Eingang-200x300.jpg 200w, https:\/\/heilpflanzengarten-mv.de\/wp-content\/uploads\/2017\/06\/G2017-Eingang-768x1150.jpg 768w, https:\/\/heilpflanzengarten-mv.de\/wp-content\/uploads\/2017\/06\/G2017-Eingang.jpg 1200w\" sizes=\"auto, (max-width: 684px) 85vw, 684px\" \/><\/figure>\n\n\n\n<figure class=\"wp-block-image size-large\"><img loading=\"lazy\" decoding=\"async\" width=\"684\" height=\"1024\" data-id=\"147\" src=\"https:\/\/heilpflanzengarten-mv.de\/wp-content\/uploads\/2017\/04\/G2016-Malve-e1492892569736-684x1024.jpg\" alt=\"\" class=\"wp-image-147\" srcset=\"https:\/\/heilpflanzengarten-mv.de\/wp-content\/uploads\/2017\/04\/G2016-Malve-e1492892569736-684x1024.jpg 684w, https:\/\/heilpflanzengarten-mv.de\/wp-content\/uploads\/2017\/04\/G2016-Malve-e1492892569736-200x300.jpg 200w, https:\/\/heilpflanzengarten-mv.de\/wp-content\/uploads\/2017\/04\/G2016-Malve-e1492892569736-768x1150.jpg 768w, https:\/\/heilpflanzengarten-mv.de\/wp-content\/uploads\/2017\/04\/G2016-Malve-e1492892569736.jpg 1200w\" sizes=\"auto, (max-width: 684px) 85vw, 684px\" \/><\/figure>\n\n\n\n<figure class=\"wp-block-image size-large\"><img loading=\"lazy\" decoding=\"async\" width=\"1024\" height=\"684\" data-id=\"181\" src=\"https:\/\/heilpflanzengarten-mv.de\/wp-content\/uploads\/2017\/06\/G2017-Sitzecke1-1024x684.jpg\" alt=\"\" class=\"wp-image-181\" srcset=\"https:\/\/heilpflanzengarten-mv.de\/wp-content\/uploads\/2017\/06\/G2017-Sitzecke1-1024x684.jpg 1024w, https:\/\/heilpflanzengarten-mv.de\/wp-content\/uploads\/2017\/06\/G2017-Sitzecke1-300x200.jpg 300w, https:\/\/heilpflanzengarten-mv.de\/wp-content\/uploads\/2017\/06\/G2017-Sitzecke1-768x513.jpg 768w, https:\/\/heilpflanzengarten-mv.de\/wp-content\/uploads\/2017\/06\/G2017-Sitzecke1-1200x801.jpg 1200w, https:\/\/heilpflanzengarten-mv.de\/wp-content\/uploads\/2017\/06\/G2017-Sitzecke1.jpg 1797w\" sizes=\"auto, (max-width: 709px) 85vw, (max-width: 909px) 67vw, (max-width: 1362px) 62vw, 840px\" \/><\/figure>\n<\/figure>\n\n\n\n<p><\/p>\n","protected":false},"excerpt":{"rendered":"<p>Offene G\u00e4rten am 13. und 14. Juni 2026 von 10 bis 18 Uhr Wir nehmen an der Aktion Offene G\u00e4rten in Mecklenburg &#8211; Vorpommern teil. Nutzen Sie doch diese Gelegenheit unseren Heilpflanzengarten kennenzulernen. Wir bieten an diesem Wochenende kostenlose F\u00fchrungen an &#8211; bei Interesse auch zu unseren wesensgem\u00e4\u00df gehaltenen Bienen. An Pflanzen bieten wir Heilpflanzen &hellip; <a href=\"https:\/\/heilpflanzengarten-mv.de\/?page_id=486\" class=\"more-link\"><span class=\"screen-reader-text\">\u201eAktuelles\u201c <\/span>weiterlesen<\/a><\/p>\n","protected":false},"author":1,"featured_media":0,"parent":0,"menu_order":0,"comment_status":"closed","ping_status":"closed","template":"","meta":{"footnotes":""},"class_list":["post-486","page","type-page","status-publish","hentry"],"_links":{"self":[{"href":"https:\/\/heilpflanzengarten-mv.de\/index.php?rest_route=\/wp\/v2\/pages\/486","targetHints":{"allow":["GET"]}}],"collection":[{"href":"https:\/\/heilpflanzengarten-mv.de\/index.php?rest_route=\/wp\/v2\/pages"}],"about":[{"href":"https:\/\/heilpflanzengarten-mv.de\/index.php?rest_route=\/wp\/v2\/types\/page"}],"author":[{"embeddable":true,"href":"https:\/\/heilpflanzengarten-mv.de\/index.php?rest_route=\/wp\/v2\/users\/1"}],"replies":[{"embeddable":true,"href":"https:\/\/heilpflanzengarten-mv.de\/index.php?rest_route=%2Fwp%2Fv2%2Fcomments&post=486"}],"version-history":[{"count":22,"href":"https:\/\/heilpflanzengarten-mv.de\/index.php?rest_route=\/wp\/v2\/pages\/486\/revisions"}],"predecessor-version":[{"id":572,"href":"https:\/\/heilpflanzengarten-mv.de\/index.php?rest_route=\/wp\/v2\/pages\/486\/revisions\/572"}],"wp:attachment":[{"href":"https:\/\/heilpflanzengarten-mv.de\/index.php?rest_route=%2Fwp%2Fv2%2Fmedia&parent=486"}],"curies":[{"name":"wp","href":"https:\/\/api.w.org\/{rel}","templated":true}]}}