{"id":6,"date":"2016-07-29T09:15:27","date_gmt":"2016-07-29T09:15:27","guid":{"rendered":"http:\/\/heilpflanzengarten-mv.de\/?page_id=6"},"modified":"2026-02-22T20:21:15","modified_gmt":"2026-02-22T19:21:15","slug":"startseite","status":"publish","type":"page","link":"https:\/\/heilpflanzengarten-mv.de\/","title":{"rendered":"Der Heilpflanzengarten"},"content":{"rendered":"\n<p>Herzlich willkommen in unserem Schaugarten, der mit viel Liebe zum Detail in den letzten Jahren entstanden ist und seit 2017 besucht werden kann.<\/p>\n\n\n\n<div class=\"wp-block-group\"><div class=\"wp-block-group__inner-container is-layout-constrained wp-block-group-is-layout-constrained\">\n<p class=\"has-light-gray-background-color has-background\"><strong>Am 23. Mai 2026 von 14-18 Uhr er\u00f6ffnen wir die Saison mit Pflanzenverkauf und Kaffee und Kuchen. <\/strong><\/p>\n\n\n\n<p class=\"has-light-gray-background-color has-background\"><strong>Wir nehmen am 13. und 14. Juni 2026 jeweils von 10-18 Uhr an der Aktion <strong><em>Offene G\u00e4rten in MV<\/em><\/strong><\/strong> <strong>teil. Weiteres dazu finden Sie unter <a href=\"https:\/\/heilpflanzengarten-mv.de\/?page_id=486\" data-type=\"page\" data-id=\"486\">Aktuelles<\/a>. <\/strong><\/p>\n<\/div><\/div>\n\n\n\n<p>Unser Anliegen ist es, das Wissen um die Heilpflanzen &#8211; sowohl Alt\u00fcberliefertes als auch neue wissenschaftliche Erkenntnisse &#8211; weiterzugeben.<\/p>\n\n\n\n<figure class=\"wp-block-image is-resized wp-image-54\"><img loading=\"lazy\" decoding=\"async\" width=\"300\" height=\"192\" src=\"https:\/\/heilpflanzengarten-mv.de\/wp-content\/uploads\/2016\/11\/hpgskizze-300x192.jpg\" alt=\"Heilpflanzengarten G\u00f6ldenitz - Skizze\" class=\"wp-image-54\" style=\"width:627px\" srcset=\"https:\/\/heilpflanzengarten-mv.de\/wp-content\/uploads\/2016\/11\/hpgskizze-300x192.jpg 300w, https:\/\/heilpflanzengarten-mv.de\/wp-content\/uploads\/2016\/11\/hpgskizze-768x491.jpg 768w, https:\/\/heilpflanzengarten-mv.de\/wp-content\/uploads\/2016\/11\/hpgskizze-1024x655.jpg 1024w, https:\/\/heilpflanzengarten-mv.de\/wp-content\/uploads\/2016\/11\/hpgskizze-1200x768.jpg 1200w, https:\/\/heilpflanzengarten-mv.de\/wp-content\/uploads\/2016\/11\/hpgskizze.jpg 1280w\" sizes=\"auto, (max-width: 300px) 85vw, 300px\" \/><figcaption class=\"wp-element-caption\">(1) Schmerzen (2) Nerven\/Immunsystem (3) Herz-Kreislauf (4) Haut (5) Blase\/Niere\/Prostata (6) Verdauungsorgane (7) Atemwege (8) Frauen (9) Hausgarten<\/figcaption><\/figure>\n\n\n\n<p>Lassen Sie sich also entf\u00fchren in die spannende Welt der heilenden Pflanzen. Erfahren Sie bei einer F\u00fchrung mehr \u00fcber Wirkungsweisen und Anwendungen. Die Natur bietet uns eine F\u00fclle von M\u00f6glichkeiten nicht nur Krankheiten zu heilen, sondern auch unsere Gesundheit zu erhalten. Nutzen wir sie!<\/p>\n\n\n\n<p>Wenn Sie neugierig geworden sind und Ihr Wissen vertiefen wollen &#8211; vielleicht selbst eine Salbe oder Tinktur anfertigen m\u00f6chten &#8211; dann schauen Sie doch einmal in unsere <a href=\"https:\/\/heilpflanzengarten-mv.de\/?page_id=365\">Kursangebote<\/a>.<\/p>\n\n\n\n<hr class=\"wp-block-separator has-css-opacity\"\/>\n\n\n\n<p>Unser Heilpflanzengarten wurde im NDR Nordmagazin <em>Land und Leute<\/em> vorgestellt.<\/p>\n\n\n\n<figure class=\"wp-block-video\"><video height=\"360\" style=\"aspect-ratio: 636 \/ 360;\" width=\"636\" controls src=\"https:\/\/heilpflanzengarten-mv.de\/wp-content\/uploads\/2017\/06\/NDR_Land_und-Leute_9-6-2017.mp4\"><\/video><\/figure>\n","protected":false},"excerpt":{"rendered":"<p>Herzlich willkommen in unserem Schaugarten, der mit viel Liebe zum Detail in den letzten Jahren entstanden ist und seit 2017 besucht werden kann. Am 23. Mai 2026 von 14-18 Uhr er\u00f6ffnen wir die Saison mit Pflanzenverkauf und Kaffee und Kuchen. Wir nehmen am 13. und 14. Juni 2026 jeweils von 10-18 Uhr an der Aktion &hellip; <a href=\"https:\/\/heilpflanzengarten-mv.de\/\" class=\"more-link\"><span class=\"screen-reader-text\">\u201eDer Heilpflanzengarten\u201c <\/span>weiterlesen<\/a><\/p>\n","protected":false},"author":1,"featured_media":0,"parent":0,"menu_order":0,"comment_status":"closed","ping_status":"closed","template":"","meta":{"footnotes":""},"class_list":["post-6","page","type-page","status-publish","hentry"],"_links":{"self":[{"href":"https:\/\/heilpflanzengarten-mv.de\/index.php?rest_route=\/wp\/v2\/pages\/6","targetHints":{"allow":["GET"]}}],"collection":[{"href":"https:\/\/heilpflanzengarten-mv.de\/index.php?rest_route=\/wp\/v2\/pages"}],"about":[{"href":"https:\/\/heilpflanzengarten-mv.de\/index.php?rest_route=\/wp\/v2\/types\/page"}],"author":[{"embeddable":true,"href":"https:\/\/heilpflanzengarten-mv.de\/index.php?rest_route=\/wp\/v2\/users\/1"}],"replies":[{"embeddable":true,"href":"https:\/\/heilpflanzengarten-mv.de\/index.php?rest_route=%2Fwp%2Fv2%2Fcomments&post=6"}],"version-history":[{"count":72,"href":"https:\/\/heilpflanzengarten-mv.de\/index.php?rest_route=\/wp\/v2\/pages\/6\/revisions"}],"predecessor-version":[{"id":587,"href":"https:\/\/heilpflanzengarten-mv.de\/index.php?rest_route=\/wp\/v2\/pages\/6\/revisions\/587"}],"wp:attachment":[{"href":"https:\/\/heilpflanzengarten-mv.de\/index.php?rest_route=%2Fwp%2Fv2%2Fmedia&parent=6"}],"curies":[{"name":"wp","href":"https:\/\/api.w.org\/{rel}","templated":true}]}}

<p>Herzlich willkommen in unserem Schaugarten, der mit viel Liebe zum Detail in den letzten Jahren entstanden ist und seit 2017 besucht werden kann.</p>



<div class="wp-block-group"><div class="wp-block-group__inner-container is-layout-constrained wp-block-group-is-layout-constrained">
<p class="has-light-gray-background-color has-background"><strong>Am 23. Mai 2026 von 14-18 Uhr eröffnen wir die Saison mit Pflanzenverkauf und Kaffee und Kuchen. </strong></p>



<p class="has-light-gray-background-color has-background"><strong>Wir nehmen am 13. und 14. Juni 2026 jeweils von 10-18 Uhr an der Aktion <strong><em>Offene Gärten in MV</em></strong></strong> <strong>teil. Weiteres dazu finden Sie unter <a href="https://heilpflanzengarten-mv.de/?page_id=486" data-type="page" data-id="486">Aktuelles</a>. </strong></p>
</div></div>



<p>Unser Anliegen ist es, das Wissen um die Heilpflanzen &#8211; sowohl Altüberliefertes als auch neue wissenschaftliche Erkenntnisse &#8211; weiterzugeben.</p>



<figure class="wp-block-image is-resized wp-image-54"><img loading="lazy" decoding="async" width="300" height="192" src="https://heilpflanzengarten-mv.de/wp-content/uploads/2016/11/hpgskizze-300x192.jpg" alt="Heilpflanzengarten Göldenitz - Skizze" class="wp-image-54" style="width:627px" srcset="https://heilpflanzengarten-mv.de/wp-content/uploads/2016/11/hpgskizze-300x192.jpg 300w, https://heilpflanzengarten-mv.de/wp-content/uploads/2016/11/hpgskizze-768x491.jpg 768w, https://heilpflanzengarten-mv.de/wp-content/uploads/2016/11/hpgskizze-1024x655.jpg 1024w, https://heilpflanzengarten-mv.de/wp-content/uploads/2016/11/hpgskizze-1200x768.jpg 1200w, https://heilpflanzengarten-mv.de/wp-content/uploads/2016/11/hpgskizze.jpg 1280w" sizes="auto, (max-width: 300px) 85vw, 300px" /><figcaption class="wp-element-caption">(1) Schmerzen (2) Nerven/Immunsystem (3) Herz-Kreislauf (4) Haut (5) Blase/Niere/Prostata (6) Verdauungsorgane (7) Atemwege (8) Frauen (9) Hausgarten</figcaption></figure>



<p>Lassen Sie sich also entführen in die spannende Welt der heilenden Pflanzen. Erfahren Sie bei einer Führung mehr über Wirkungsweisen und Anwendungen. Die Natur bietet uns eine Fülle von Möglichkeiten nicht nur Krankheiten zu heilen, sondern auch unsere Gesundheit zu erhalten. Nutzen wir sie!</p>



<p>Wenn Sie neugierig geworden sind und Ihr Wissen vertiefen wollen &#8211; vielleicht selbst eine Salbe oder Tinktur anfertigen möchten &#8211; dann schauen Sie doch einmal in unsere <a href="https://heilpflanzengarten-mv.de/?page_id=365">Kursangebote</a>.</p>



<hr class="wp-block-separator has-css-opacity"/>



<p>Unser Heilpflanzengarten wurde im NDR Nordmagazin <em>Land und Leute</em> vorgestellt.</p>



<figure class="wp-block-video"><video height="360" style="aspect-ratio: 636 / 360;" width="636" controls src="https://heilpflanzengarten-mv.de/wp-content/uploads/2017/06/NDR_Land_und-Leute_9-6-2017.mp4"></video></figure>

<p>Herzlich willkommen in unserem Schaugarten, der mit viel Liebe zum Detail in den letzten Jahren entstanden ist und seit 2017 besucht werden kann. Am 23. Mai 2026 von 14-18 Uhr eröffnen wir die Saison mit Pflanzenverkauf und Kaffee und Kuchen. Wir nehmen am 13. und 14. Juni 2026 jeweils von 10-18 Uhr an der Aktion &hellip; <a href="https://heilpflanzengarten-mv.de/" class="more-link"><span class="screen-reader-text">„Der Heilpflanzengarten“ </span>weiterlesen</a></p>
